{"id":318,"date":"2018-06-13T09:28:37","date_gmt":"2018-06-13T08:28:37","guid":{"rendered":"http:\/\/teypa-ingenieria.com\/?page_id=318"},"modified":"2018-06-13T09:30:59","modified_gmt":"2018-06-13T08:30:59","slug":"quienes-somos-2","status":"publish","type":"page","link":"https:\/\/teypa-ingenieria.com\/?page_id=318","title":{"rendered":"\u00bfQUI\u00c9NES SOMOS?"},"content":{"rendered":"<p><em><img loading=\"lazy\" decoding=\"async\" class=\"wp-image-52 alignleft\" src=\"https:\/\/teypa-ingenieria.com\/wp-content\/uploads\/2018\/06\/meeting_01-copia-1-300x300.jpg\" alt=\"\" width=\"350\" height=\"350\" srcset=\"https:\/\/teypa-ingenieria.com\/wp-content\/uploads\/2018\/06\/meeting_01-copia-1-300x300.jpg 300w, https:\/\/teypa-ingenieria.com\/wp-content\/uploads\/2018\/06\/meeting_01-copia-1-150x150.jpg 150w, https:\/\/teypa-ingenieria.com\/wp-content\/uploads\/2018\/06\/meeting_01-copia-1-768x768.jpg 768w, https:\/\/teypa-ingenieria.com\/wp-content\/uploads\/2018\/06\/meeting_01-copia-1-1024x1024.jpg 1024w, https:\/\/teypa-ingenieria.com\/wp-content\/uploads\/2018\/06\/meeting_01-copia-1-100x100.jpg 100w, https:\/\/teypa-ingenieria.com\/wp-content\/uploads\/2018\/06\/meeting_01-copia-1.jpg 1666w\" sizes=\"(max-width: 350px) 100vw, 350px\" \/>T\u00c9CNICA Y PAISAJE INGENIER\u00cdA, S.L. (TEYPA)<\/em>\u00a0cuenta con un equipo multidisciplinar, con amplia experiencia en la ingenier\u00eda civil y la edificaci\u00f3n, compuesto por:<\/p>\n<p><em>Dos ingenieros de Caminos, Canales y Puertos<\/em><br \/>\n<em>Un Arquitecto T\u00e9cnico<\/em><br \/>\n<em>Una Ingeniera T\u00e9cnica en Topograf\u00eda<\/em><\/p>\n<p>Asimismo, el equipo se ve completado mediante la colaboraci\u00f3n bidireccional habitual con varios estudios de arquitectura y empresas consultoras de distintas especialidades.<\/p>\n","protected":false},"excerpt":{"rendered":"<p>T\u00c9CNICA Y PAISAJE INGENIER\u00cdA, S.L. (TEYPA)\u00a0cuenta con un equipo multidisciplinar, con amplia experiencia en la ingenier\u00eda civil y la edificaci\u00f3n, compuesto por: Dos ingenieros de Caminos, Canales y Puertos Un Arquitecto T\u00e9cnico Una Ingeniera T\u00e9cnica en Topograf\u00eda Asimismo, el equipo se ve completado mediante la colaboraci\u00f3n bidireccional habitual con varios estudios de arquitectura y empresas &hellip; <\/p>\n<p class=\"link-more\"><a href=\"https:\/\/teypa-ingenieria.com\/?page_id=318\" class=\"more-link\">Continuar leyendo<span class=\"screen-reader-text\"> \u00ab\u00bfQUI\u00c9NES SOMOS?\u00bb<\/span><\/a><\/p>\n","protected":false},"author":1,"featured_media":0,"parent":0,"menu_order":0,"comment_status":"closed","ping_status":"closed","template":"","meta":{"footnotes":""},"_links":{"self":[{"href":"https:\/\/teypa-ingenieria.com\/index.php?rest_route=\/wp\/v2\/pages\/318"}],"collection":[{"href":"https:\/\/teypa-ingenieria.com\/index.php?rest_route=\/wp\/v2\/pages"}],"about":[{"href":"https:\/\/teypa-ingenieria.com\/index.php?rest_route=\/wp\/v2\/types\/page"}],"author":[{"embeddable":true,"href":"https:\/\/teypa-ingenieria.com\/index.php?rest_route=\/wp\/v2\/users\/1"}],"replies":[{"embeddable":true,"href":"https:\/\/teypa-ingenieria.com\/index.php?rest_route=%2Fwp%2Fv2%2Fcomments&post=318"}],"version-history":[{"count":7,"href":"https:\/\/teypa-ingenieria.com\/index.php?rest_route=\/wp\/v2\/pages\/318\/revisions"}],"predecessor-version":[{"id":326,"href":"https:\/\/teypa-ingenieria.com\/index.php?rest_route=\/wp\/v2\/pages\/318\/revisions\/326"}],"wp:attachment":[{"href":"https:\/\/teypa-ingenieria.com\/index.php?rest_route=%2Fwp%2Fv2%2Fmedia&parent=318"}],"curies":[{"name":"wp","href":"https:\/\/api.w.org\/{rel}","templated":true}]}}